5
What is the ten thousands digit of ((-22)/24)/((-2)/81912)?
3
Suppose 28*r = 14*r + 73188 - 9166. What is the thousands digit of r?
4
Let a = 31 + -28. Let b be a/(((-18)/(-8))/(-3)). What is the tens digit of b/(-16) + 295/20?
1
Let f(o) be the second derivative of o**4/12 - 5*o**3/6 + 4*o**2 + 4*o. Let g be f(4). Suppose t + g = 14. What is the tens digit of t?
1
Suppose 3*y + 1117 = -5*r, 4*y + 198 = -2*r - 1268. Let d = y - -541. What is the tens digit of d?
7
Let h = -140 - -161. Suppose h*r - 6416 = 5*r. Suppose 323 = 4*c - r. What is the hundreds digit of c?
1
What is the tens digit of (11 + (-423425)/50)*(-1 - 1)?
1
Suppose -10*i - z + 65913 = -6*i, -3*z + 16481 = i. What is the thousands digit of i?
6
Suppose -37*q = 21*q. Suppose -4*f = 4*h - 6124, h + 0*h + 2*f - 1527 = q. What is the units digit of h?
5
Let o = 41 - 36. Suppose 2*x - 2*i + 43 + 49 = 0, -o*i + 20 = 0. Let p = x - -49. What is the units digit of p?
7
Suppose 4*w + 2*r = 5*w + 8, 0 = -4*w + 4*r - 12. What is the tens digit of (w/15*3)/(1/560)?
2
Let s(k) = 0*k - k - 5*k + 8. Suppose 118 = -4*l + 5*q + 123, -4*q - 15 = -l. What is the tens digit of s(l)?
3
Let o(k) be the third derivative of 7*k**4/2 - 107*k**3/3 - 8*k**2 - k. What is the hundreds digit of o(13)?
8
Let n(o) be the third derivative of -o**5/30 - 4*o**4/3 - 7*o**3/6 + 2*o**2 - 24. Let r(l) = 10*l + 1. Let m be r(-1). What is the tens digit of n(m)?
1
Suppose 5*n - 10*n = 150. Let v be (-66)/n + -2 + 22/(-10). What is the tens digit of 855/12 - v/(-8)?
7
Suppose 300451 - 38966 = 31*g. What is the units digit of g?
5
Let y be 6 - (5 + 532) - 1/(-1). Let q = y + 548. What is the units digit of q?
8
Let v(x) = -7*x + 7*x + 3*x - 923*x**3 + x**2 - 2*x. What is the hundreds digit of v(-1)?
9
Let q(p) = -p**2 + 22*p - 32. Let s be q(16). Suppose -6*x + s = -5*x. Let g = -1 + x. What is the units digit of g?
3
Let y be (-3 + 1)/((-10)/(-65) - 0). Let w = 13 + 13. Let r = w + y. What is the tens digit of r?
1
Let f = -53 - -52. Let p be 585/90*(f - -1 - 6). Let g = p - -164. What is the hundreds digit of g?
1
Suppose 94512 = 15*u + 18*u. What is the tens digit of u?
6
Let j = -20 - -19. Let t(b) = -b + 1. Let x be t(j). What is the units digit of (-873)/(-36) - x/(-8)*-1?
4
Suppose b - 2*b + 15 = -c, 5*c = 2*b - 45. Suppose b*n + 3384 = 16*n. What is the tens digit of n?
6
Let l be (-12)/14*(-35)/10. Suppose -2*x + 2*d = l*d - 1150, 2300 = 4*x + 4*d. What is the units digit of x?
5
What is the ten thousands digit of (((-10632)/(-30))/((-4)/(-16)))/((-1)/(-15))?
2
Let h(w) = 5*w - 7. Let l be h(2). Suppose -n - 65 = a, -4*n - 257 = l*a + 2*a. Let m = n - -111. What is the tens digit of m?
4
Let f(b) = -18*b**3 + 16*b**3 - 9*b + 16*b**2 - 5*b + 2*b. Let w be f(7). What is the tens digit of 126/(-49) + 2 - (-722)/w?
5
Suppose 217*k + 2949912 = 343*k. What is the hundreds digit of k?
4
What is the units digit of ((-10536)/(-10))/(156/585)?
1
What is the ten thousands digit of (-7582160)/(-105) + -22 + 6915/315?
7
Suppose 421516 = 44*h - 184012. What is the units digit of h?
2
Let f be (-4)/26 + 476/221. Suppose g + 14 = 6*p - f*p, -3*g - 4*p = -38. What is the units digit of g?
6
Let t = -295 + 295. What is the tens digit of -6 - (-390 - (t - -3))?
8
Suppose -4*a + 62 = -3*g - 3*a, -g = -3*a + 18. Let d be (-20)/(-3)*-1*g/14. Suppose 0*i = d*i - 710. What is the units digit of i?
1
Suppose 16*j = 3*j + 52. Suppose -5*b + 1 = -14, -4*g = -j*b + 716. Let t = g - -288. What is the tens digit of t?
1
Let l(y) = 42162*y**3 + 205*y - 203. What is the thousands digit of l(1)?
2
Let g be ((-12)/5)/(897/(-450) + 2). Let a = -50 - g. What is the hundreds digit of a?
3
Let u(n) = n**3 + 13*n**2 - 2*n + 29. Let o(m) = m**3 - 12*m**2 + 5*m + 4. Let t be o(11). Let c = t - -49. What is the units digit of u(c)?
5
Suppose 23*f = 19*f - 16, -4*z + f + 16 = 0. Suppose -i = z - 158. What is the units digit of i?
5
Let l(z) = -z**3 - 28*z**2 - 27*z + 2. Let o be l(-27). Suppose -54 = -o*p + 114. What is the tens digit of p?
8
Let z(b) = 4*b**2 + 38*b + 7. What is the tens digit of z(40)?
2
Suppose 3*t + 4*c = 0, -5*t + 2*c = c - 23. Suppose 4*s + 660 = 2*g, 0 = -3*g + t*g - 4*s - 326. What is the tens digit of g?
3
Let o(j) = 8*j - 19. Let s(n) = 44*n - 104. Let g(b) = -28*o(b) + 5*s(b). Let u be (-182)/65*(-35)/(-14). What is the units digit of g(u)?
0
Let c = 15440 + 39225. What is the tens digit of c?
6
Let u(f) = 205*f**2 - 64*f + 262. What is the hundreds digit of u(6)?
2
Suppose -125 - 551 = -26*s. Suppose 0 = s*d - 6*d - 10780. What is the hundreds digit of d?
5
Let g(n) = -57*n**3 + 33*n**2 - 23*n + 39. Let b(p) = -19*p**3 + 12*p**2 - 8*p + 13. Let w(t) = -17*b(t) + 6*g(t). What is the tens digit of w(-4)?
4
Let i(n) = -3*n**2 - 18*n + 4. Let c be i(-6). Suppose -c*a + 948 = 4*k, 0*k + 3*a = -k + 247. What is the tens digit of k?
3
Let h = -577 - -580. Suppose -u + 1460 = 3*g, -5*u + h*u - 489 = -g. What is the hundreds digit of g?
4
Let o = 30681 - 25887. What is the units digit of o?
4
Let p = 14856 - -52380. What is the hundreds digit of p?
2
Let n(c) = -6*c + 1. Let q be -1*(-5)/(1 - -4). Let o be n(q). Let l(k) = k**2 - 2*k - 10. What is the units digit of l(o)?
5
What is the ten thousands digit of (31569/4)/(39/52)?
1
Suppose 2*t = -5*z + 67173, 116447 = 5*t + 2*z - 51433. What is the ten thousands digit of t?
3
Let f(p) = 852*p + 216. Let q be f(14). Suppose 33*g + q = 49*g. What is the units digit of g?
9
Suppose 0 = 18*j - 21*j + 60. Suppose -2*x + 418 = j*x. What is the tens digit of x?
1
Suppose 155*b - 1860 = -g + 159*b, -2*g = -4*b - 3708. What is the tens digit of g?
4
Suppose 26*a = 13*a + 3926. Suppose 2*g = -5*z + 844 + a, 2*z = -4*g + 2292. What is the tens digit of g?
7
Suppose 1527*h - 1522*h = -3*p + 135370, 0 = h + 2*p - 27081. What is the units digit of h?
1
Let h(i) be the third derivative of i**5/30 - i**4/6 - 58*i**3/3 - 170*i**2. What is the tens digit of h(24)?
4
Let t(f) = -4*f + 21. Let q be t(5). Let y be 18 + q/1*-1*3. Suppose -2*v + 75 = 3*v - 5*b, y = 2*v + 3*b. What is the tens digit of v?
1
Suppose 15*d - 4*c + 2357 = 16*d, -11857 = -5*d + 4*c. What is the units digit of d?
9
Suppose -5*r + 11166 = -5*u - 42999, 2*u - 21642 = -2*r. What is the tens digit of r?
2
Let x be 3 - 5 - (91 + -2). Let w(r) = 3*r**3 + 19*r**2 + 35*r - 7. Let j be w(-6). Let b = x - j. What is the tens digit of b?
9
Suppose -12*m + 167683 + 679005 = 20*m. What is the thousands digit of m?
6
Let n be 26/117 - (-40)/(-18). Let f(c) = -c + 1. Let j be f(n). Suppose 0 = -j*l + 3*u - 0*u + 186, l + 3*u = 58. What is the units digit of l?
1
Let p(m) = 4*m + 38. Let u(l) = -6*l - 30. Let z be u(-6). Suppose 0 = -z*q + 3*q + 30. What is the units digit of p(q)?
8
Suppose -4*u = h + u - 9796, 0 = 3*h + 4*u - 29465. What is the hundreds digit of h?
8
Let p(y) = 1247*y + 1140. What is the tens digit of p(61)?
0
Suppose -280800 = 271*v - 303*v. What is the tens digit of v?
7
Suppose 106*z + 5210 = 109*z - c, -6955 = -4*z + 3*c. What is the thousands digit of z?
1
Suppose -11*f + 46735 = -10*f + 4*y, -5*f + 46*y = -233873. What is the tens digit of f?
4
Suppose 11*t - 33*t - 4114 = 0. Let j = 263 + t. What is the units digit of j?
6
Let c(h) = h**3 + 3*h**2 - 7*h - 2. Let b be c(5). Let m be -4*(-2)/(-28) - b/(-7). Suppose 2*l + 5*a = m, 0 = 4*l - a + 15 - 94. What is the units digit of l?
9
Let r(b) = 25*b - 200. Let a(c) = 101*c - 799. Let v(t) = -2*a(t) + 9*r(t). What is the hundreds digit of v(35)?
6
Let s(h) = -135*h + 644. Let w(i) = -34*i + 161. Let q(d) = -2*s(d) + 9*w(d). What is the units digit of q(-17)?
3
Let k(h) = -4421*h + 10621. What is the units digit of k(-10)?
1
Suppose 4*z + 0 - 8 = 0, z - 11 = -3*y. Suppose -5 = i, -y*d + 4*i + 12 + 5 = 0. What is the hundreds digit of (4 - 8) + 1 - (-119 + d)?
1
Let c be 8*6*(-9)/(-108). Let d(t) = -t - 10. Let y be d(-8). What is the tens digit of 61*(0 + c + y)?
2
What is the hundreds digit of 303501/27 + (16 - 852/54)?
2
Suppose -24*g - 3*g = 11*g - 734312. What is the ten thousands digit of g?
1
What is the hundreds digit of 137/(-1)*2660/(-95)?
8
Let m = -125 + 126. What is the units digit of (m/(-5) - 0) + (-52416)/(-180)?
1
Let p be 4/((0 + 2)*(2 - 1)). Suppose -5